[INFO] cloning repository https://github.com/InfinityMod/watchexec_c
[INFO] running `Command { std: "git" "-c" "credential.helper=" "-c" "credential.helper=/workspace/cargo-home/bin/git-credential-null" "clone" "--bare" "https://github.com/InfinityMod/watchexec_c" "/workspace/cache/git-repos/https%3A%2F%2Fgithub.com%2FInfinityMod%2Fwatchexec_c", kill_on_drop: false }`
[INFO] [stderr] Cloning into bare repository '/workspace/cache/git-repos/https%3A%2F%2Fgithub.com%2FInfinityMod%2Fwatchexec_c'...
[INFO] running `Command { std: "git" "rev-parse" "HEAD", kill_on_drop: false }`
[INFO] [stdout] f940aa602a748f9a96f90d323b299d974138172a
[INFO] checking InfinityMod/watchexec_c against try#72f88fc4e9458f89516a0b8b0868f3718aec5b47 for pr-74989
[INFO] running `Command { std: "git" "clone" "/workspace/cache/git-repos/https%3A%2F%2Fgithub.com%2FInfinityMod%2Fwatchexec_c" "/workspace/builds/worker-6/source", kill_on_drop: false }`
[INFO] [stderr] Cloning into '/workspace/builds/worker-6/source'...
[INFO] [stderr] done.
[INFO] validating manifest of git repo https://github.com/InfinityMod/watchexec_c on toolchain 72f88fc4e9458f89516a0b8b0868f3718aec5b47
[INFO] running `Command { std: "/workspace/cargo-home/bin/cargo" "+72f88fc4e9458f89516a0b8b0868f3718aec5b47" "read-manifest" "--manifest-path" "Cargo.toml", kill_on_drop: false }`
[INFO] started tweaking git repo https://github.com/InfinityMod/watchexec_c
[INFO] removed path dependency watchexec from git repo https://github.com/InfinityMod/watchexec_c
[INFO] finished tweaking git repo https://github.com/InfinityMod/watchexec_c
[INFO] tweaked toml for git repo https://github.com/InfinityMod/watchexec_c written to /workspace/builds/worker-6/source/Cargo.toml
[INFO] crate git repo https://github.com/InfinityMod/watchexec_c already has a lockfile, it will not be regenerated
[INFO] running `Command { std: "/workspace/cargo-home/bin/cargo" "+72f88fc4e9458f89516a0b8b0868f3718aec5b47" "fetch" "--locked" "--manifest-path" "Cargo.toml", kill_on_drop: false }`
[INFO] [stderr] warning: dependency (watchexec) specified without providing a local path, Git repository, or version to use. This will be considered an error in future versions
[INFO] [stderr]     Blocking waiting for file lock on package cache
[INFO] [stderr]     Updating crates.io index
[INFO] [stderr] error: the lock file /workspace/builds/worker-6/source/Cargo.lock needs to be updated but --locked was passed to prevent this
[INFO] [stderr] If you want to try to generate the lock file without accessing the network, use the --offline flag.
[INFO] the lockfile is outdated, regenerating it
[INFO] running `Command { std: "/workspace/cargo-home/bin/cargo" "+72f88fc4e9458f89516a0b8b0868f3718aec5b47" "generate-lockfile" "--manifest-path" "Cargo.toml" "-Zno-index-update", kill_on_drop: false }`
[INFO] running `Command { std: "/workspace/cargo-home/bin/cargo" "+72f88fc4e9458f89516a0b8b0868f3718aec5b47" "fetch" "--locked" "--manifest-path" "Cargo.toml", kill_on_drop: false }`
[INFO] [stderr] warning: dependency (watchexec) specified without providing a local path, Git repository, or version to use. This will be considered an error in future versions
[INFO] [stderr]     Blocking waiting for file lock on package cache
[INFO] running `Command { std: "docker" "create" "-v" "/var/lib/crater-agent-workspace/builds/worker-6/target:/opt/rustwide/target:rw,Z" "-v" "/var/lib/crater-agent-workspace/builds/worker-6/source:/opt/rustwide/workdir:ro,Z" "-v" "/var/lib/crater-agent-workspace/cargo-home:/opt/rustwide/cargo-home:ro,Z" "-v" "/var/lib/crater-agent-workspace/rustup-home:/opt/rustwide/rustup-home:ro,Z" "-e" "SOURCE_DIR=/opt/rustwide/workdir" "-e" "CARGO_TARGET_DIR=/opt/rustwide/target" "-e" "CARGO_HOME=/opt/rustwide/cargo-home" "-e" "RUSTUP_HOME=/opt/rustwide/rustup-home" "-w" "/opt/rustwide/workdir" "-m" "1610612736" "--user" "0:0" "--network" "none" "rustops/crates-build-env@sha256:d92eaeed33fa75130ca1ee6c8a01d1ffb62bac859dfdfb3450e3e5d1c0146529" "/opt/rustwide/cargo-home/bin/cargo" "+72f88fc4e9458f89516a0b8b0868f3718aec5b47" "metadata" "--no-deps" "--format-version=1", kill_on_drop: false }`
[INFO] [stderr] WARNING: Your kernel does not support swap limit capabilities or the cgroup is not mounted. Memory limited without swap.
[INFO] [stdout] 95b7eddda4091fb21e615fe607f7c0baf6acbc9e45949a7532752e0f1652feae
[INFO] running `Command { std: "docker" "start" "-a" "95b7eddda4091fb21e615fe607f7c0baf6acbc9e45949a7532752e0f1652feae", kill_on_drop: false }`
[INFO] running `Command { std: "docker" "inspect" "95b7eddda4091fb21e615fe607f7c0baf6acbc9e45949a7532752e0f1652feae", kill_on_drop: false }`
[INFO] running `Command { std: "docker" "rm" "-f" "95b7eddda4091fb21e615fe607f7c0baf6acbc9e45949a7532752e0f1652feae", kill_on_drop: false }`
[INFO] [stdout] 95b7eddda4091fb21e615fe607f7c0baf6acbc9e45949a7532752e0f1652feae
[INFO] running `Command { std: "docker" "create" "-v" "/var/lib/crater-agent-workspace/builds/worker-6/target:/opt/rustwide/target:rw,Z" "-v" "/var/lib/crater-agent-workspace/builds/worker-6/source:/opt/rustwide/workdir:ro,Z" "-v" "/var/lib/crater-agent-workspace/cargo-home:/opt/rustwide/cargo-home:ro,Z" "-v" "/var/lib/crater-agent-workspace/rustup-home:/opt/rustwide/rustup-home:ro,Z" "-e" "SOURCE_DIR=/opt/rustwide/workdir" "-e" "CARGO_TARGET_DIR=/opt/rustwide/target" "-e" "CARGO_INCREMENTAL=0" "-e" "RUST_BACKTRACE=full" "-e" "RUSTFLAGS=--cap-lints=forbid" "-e" "CARGO_HOME=/opt/rustwide/cargo-home" "-e" "RUSTUP_HOME=/opt/rustwide/rustup-home" "-w" "/opt/rustwide/workdir" "-m" "1610612736" "--user" "0:0" "--network" "none" "rustops/crates-build-env@sha256:d92eaeed33fa75130ca1ee6c8a01d1ffb62bac859dfdfb3450e3e5d1c0146529" "/opt/rustwide/cargo-home/bin/cargo" "+72f88fc4e9458f89516a0b8b0868f3718aec5b47" "check" "--frozen" "--all" "--all-targets" "--message-format=json", kill_on_drop: false }`
[INFO] [stderr] WARNING: Your kernel does not support swap limit capabilities or the cgroup is not mounted. Memory limited without swap.
[INFO] [stdout] 89a70ca1dad834003052bd6440da3e522ad8f3accb3b68cd7159b68e798cd741
[INFO] running `Command { std: "docker" "start" "-a" "89a70ca1dad834003052bd6440da3e522ad8f3accb3b68cd7159b68e798cd741", kill_on_drop: false }`
[INFO] [stderr] warning: dependency (watchexec) specified without providing a local path, Git repository, or version to use. This will be considered an error in future versions
[INFO] [stderr]    Compiling log v0.4.11
[INFO] [stderr]    Compiling syn v1.0.40
[INFO] [stderr]    Compiling strsim v0.9.3
[INFO] [stderr]    Compiling ident_case v1.0.1
[INFO] [stderr]    Compiling fnv v1.0.7
[INFO] [stderr]    Compiling derive_builder v0.9.0
[INFO] [stderr]     Checking thread_local v1.0.1
[INFO] [stderr]    Compiling num-traits v0.2.12
[INFO] [stderr]    Compiling num-integer v0.1.43
[INFO] [stderr]     Checking term_size v0.3.2
[INFO] [stderr]     Checking inotify-sys v0.1.3
[INFO] [stderr]     Checking filetime v0.2.12
[INFO] [stderr]     Checking time v0.1.44
[INFO] [stderr]     Checking bstr v0.2.13
[INFO] [stderr]     Checking textwrap v0.11.0
[INFO] [stderr]     Checking inotify v0.7.1
[INFO] [stderr]     Checking regex v1.3.9
[INFO] [stderr]     Checking clap v2.33.3
[INFO] [stderr]     Checking mio v0.6.22
[INFO] [stderr]     Checking env_logger v0.7.1
[INFO] [stderr]     Checking mio-extras v2.0.6
[INFO] [stderr]     Checking globset v0.4.5
[INFO] [stderr]     Checking notify v4.0.15
[INFO] [stderr]     Checking chrono v0.4.15
[INFO] [stderr]    Compiling darling_core v0.10.2
[INFO] [stderr]    Compiling darling_macro v0.10.2
[INFO] [stderr]    Compiling darling v0.10.2
[INFO] [stderr]    Compiling derive_builder_core v0.9.0
[INFO] [stderr]     Checking watchexec v1.14.0
[INFO] [stderr]     Checking watchexec_c v0.9.0 (/opt/rustwide/workdir)
[INFO] [stdout] error[E0432]: unresolved imports `watchexec::cli::process_args`, `watchexec::cli::init_app`
[INFO] [stdout]   --> src/c_lib.rs:15:5
[INFO] [stdout]    |
[INFO] [stdout] 15 |     process_args,
[INFO] [stdout]    |     ^^^^^^^^^^^^ no `process_args` in `cli`
[INFO] [stdout] 16 |     init_app
[INFO] [stdout]    |     ^^^^^^^^ no `init_app` in `cli`
[INFO] [stdout] 
[INFO] [stdout] 
[INFO] [stdout] error[E0432]: unresolved imports `watchexec::cli::process_args`, `watchexec::cli::init_app`
[INFO] [stdout]   --> src/c_lib.rs:15:5
[INFO] [stdout]    |
[INFO] [stdout] 15 |     process_args,
[INFO] [stdout]    |     ^^^^^^^^^^^^ no `process_args` in `cli`
[INFO] [stdout] 16 |     init_app
[INFO] [stdout]    |     ^^^^^^^^ no `init_app` in `cli`
[INFO] [stdout] 
[INFO] [stdout] 
[INFO] [stdout] warning: use of deprecated type alias `libc::uint32_t`: Use u32 instead.
[INFO] [stdout]   --> src/process.rs:11:17
[INFO] [stdout]    |
[INFO] [stdout] 11 |     pub cookie: libc::uint32_t,
[INFO] [stdout]    |                 ^^^^^^^^^^^^^^
[INFO] [stdout]    |
[INFO] [stdout]    = note: `#[warn(deprecated)]` on by default
[INFO] [stdout] 
[INFO] [stdout] 
[INFO] [stdout] warning: use of deprecated type alias `libc::int64_t`: Use i64 instead.
[INFO] [stdout]   --> src/process.rs:12:15
[INFO] [stdout]    |
[INFO] [stdout] 12 |     pub time: libc::int64_t,
[INFO] [stdout]    |               ^^^^^^^^^^^^^
[INFO] [stdout] 
[INFO] [stdout] 
[INFO] [stdout] warning: use of deprecated type alias `libc::uint32_t`: Use u32 instead.
[INFO] [stdout]   --> src/process.rs:13:21
[INFO] [stdout]    |
[INFO] [stdout] 13 |     pub time_micro: libc::uint32_t
[INFO] [stdout]    |                     ^^^^^^^^^^^^^^
[INFO] [stdout] 
[INFO] [stdout] 
[INFO] [stdout] warning: use of deprecated type alias `libc::uint32_t`: Use u32 instead.
[INFO] [stdout]   --> src/process.rs:11:17
[INFO] [stdout]    |
[INFO] [stdout] 11 |     pub cookie: libc::uint32_t,
[INFO] [stdout]    |                 ^^^^^^^^^^^^^^
[INFO] [stdout]    |
[INFO] [stdout]    = note: `#[warn(deprecated)]` on by default
[INFO] [stdout] 
[INFO] [stdout] 
[INFO] [stdout] warning: use of deprecated type alias `libc::int64_t`: Use i64 instead.
[INFO] [stdout]   --> src/process.rs:12:15
[INFO] [stdout]    |
[INFO] [stdout] 12 |     pub time: libc::int64_t,
[INFO] [stdout]    |               ^^^^^^^^^^^^^
[INFO] [stdout] 
[INFO] [stdout] 
[INFO] [stdout] warning: use of deprecated type alias `libc::uint32_t`: Use u32 instead.
[INFO] [stdout]   --> src/process.rs:11:17
[INFO] [stdout]    |
[INFO] [stdout] 11 |     pub cookie: libc::uint32_t,
[INFO] [stdout]    |                 ^^^^^^^^^^^^^^
[INFO] [stdout] 
[INFO] [stdout] 
[INFO] [stdout] warning: use of deprecated type alias `libc::uint32_t`: Use u32 instead.
[INFO] [stdout]   --> src/process.rs:13:21
[INFO] [stdout]    |
[INFO] [stdout] 13 |     pub time_micro: libc::uint32_t
[INFO] [stdout]    |                     ^^^^^^^^^^^^^^
[INFO] [stdout] 
[INFO] [stdout] 
[INFO] [stdout] warning: use of deprecated type alias `libc::uint32_t`: Use u32 instead.
[INFO] [stdout]   --> src/process.rs:11:17
[INFO] [stdout]    |
[INFO] [stdout] 11 |     pub cookie: libc::uint32_t,
[INFO] [stdout]    |                 ^^^^^^^^^^^^^^
[INFO] [stdout] 
[INFO] [stdout] 
[INFO] [stdout] error[E0609]: no field `time` on type `PathOp`
[INFO] [stdout]   --> src/process.rs:55:23
[INFO] [stdout]    |
[INFO] [stdout] 55 |         let _time = p.time;
[INFO] [stdout]    |                       ^^^^ unknown field
[INFO] [stdout]    |
[INFO] [stdout]    = note: available fields are: `path`, `op`, `cookie`
[INFO] [stdout] 
[INFO] [stdout] 
[INFO] [stdout] error[E0609]: no field `time` on type `PathOp`
[INFO] [stdout]   --> src/process.rs:55:23
[INFO] [stdout]    |
[INFO] [stdout] 55 |         let _time = p.time;
[INFO] [stdout]    |                       ^^^^ unknown field
[INFO] [stdout]    |
[INFO] [stdout]    = note: available fields are: `path`, `op`, `cookie`
[INFO] [stdout] 
[INFO] [stdout] 
[INFO] [stdout] error[E0061]: this function takes 1 argument but 2 arguments were supplied
[INFO] [stdout]   --> src/c_lib.rs:34:19
[INFO] [stdout]    |
[INFO] [stdout] 34 |     let _result = run(process_args(args), Some(move |paths| run_cb(cb.clone(), paths)));
[INFO] [stdout]    |                   ^^^ ------------------  -------------------------------------------- supplied 2 arguments
[INFO] [stdout]    |                   |
[INFO] [stdout]    |                   expected 1 argument
[INFO] [stdout] 
[INFO] [stdout] 
[INFO] [stdout] error[E0061]: this function takes 1 argument but 2 arguments were supplied
[INFO] [stdout]   --> src/c_lib.rs:34:19
[INFO] [stdout]    |
[INFO] [stdout] 34 |     let _result = run(process_args(args), Some(move |paths| run_cb(cb.clone(), paths)));
[INFO] [stdout]    |                   ^^^ ------------------  -------------------------------------------- supplied 2 arguments
[INFO] [stdout]    |                   |
[INFO] [stdout]    |                   expected 1 argument
[INFO] [stdout] 
[INFO] [stdout] 
[INFO] [stdout] error: aborting due to 3 previous errors; 4 warnings emitted
[INFO] [stdout] 
[INFO] [stdout] 
[INFO] [stdout] Some errors have detailed explanations: E0061, E0432, E0609.
[INFO] [stdout] 
[INFO] [stdout] For more information about an error, try `rustc --explain E0061`.
[INFO] [stdout] 
[INFO] [stdout] error: aborting due to 3 previous errors; 4 warnings emitted
[INFO] [stdout] 
[INFO] [stdout] 
[INFO] [stdout] Some errors have detailed explanations: E0061, E0432, E0609.
[INFO] [stdout] 
[INFO] [stdout] For more information about an error, try `rustc --explain E0061`.
[INFO] [stdout] 
[INFO] [stderr] error: could not compile `watchexec_c`.
[INFO] [stderr] 
[INFO] [stderr] To learn more, run the command again with --verbose.
[INFO] [stderr] warning: build failed, waiting for other jobs to finish...
[INFO] [stderr] error: build failed
[INFO] running `Command { std: "docker" "inspect" "89a70ca1dad834003052bd6440da3e522ad8f3accb3b68cd7159b68e798cd741", kill_on_drop: false }`
[INFO] running `Command { std: "docker" "rm" "-f" "89a70ca1dad834003052bd6440da3e522ad8f3accb3b68cd7159b68e798cd741", kill_on_drop: false }`
[INFO] [stdout] 89a70ca1dad834003052bd6440da3e522ad8f3accb3b68cd7159b68e798cd741
